*2 - 1. What is a(4)?
-1
Let y(z) = -z**2 - 40. Calculate y(0).
-40
Let z(d) = -d**2 + 14*d - 17. Determine z(13).
-4
Let l(g) = -7*g - 17. What is l(-12)?
67
Let d(p) = p + 2. Calculate d(-8).
-6
Let y(f) = -f**3 - 15*f**2 - 12*f + 24. Calculate y(-14).
-4
Let r(u) = 6*u - 10. Determine r(7).
32
Let f(z) = -2*z**2 + 17*z - 29. Calculate f(5).
6
Let m(k) = -k**3 - 7*k**2 + 19*k + 1. What is m(-9)?
-8
Let o(m) = -14*m**2 + 83*m - 2. Determine o(6).
-8
Let m(s) = s - 30. Give m(28).
-2
Let d(t) = 8*t - 9. Determine d(3).
15
Let p(q) = -3*q**3 + 124*q**2 - 40*q - 49. Determine p(41).
-8
Let f(b) = 2*b**3 - 6*b**2 - 4*b + 13. Determine f(4).
29
Let c(z) = 2*z**2 + 23*z - 21. Calculate c(-12).
-9
Let g(h) = h**2 - 12*h + 5. Determine g(11).
-6
Let g(z) = -z**3 - 2*z**2 + 17*z + 5. Calculate g(-6).
47
Let a(i) = -99*i - 2. Give a(-1).
97
Let n(o) = 4*o**3 + 3*o**2 - 4*o + 3. Determine n(1).
6
Let m(x) = x**3 + 7*x**2 + 4*x + 1. Give m(-6).
13
Let c(s) = s**2 + 10*s - 14. Determine c(-11).
-3
Let v(t) = 12*t + 23. Determine v(-5).
-37
Let l(d) = -d**3 + 11*d + 4. Determine l(5).
-66
Let g(s) = 16*s - 906. Determine g(57).
6
Let i(v) = -v**3 - 6*v**2 - 2*v + 4. Determine i(-6).
16
Let l(j) = j**2 - 2*j + 7. Determine l(3).
10
Let a(v) = 120*v - 482. Calculate a(4).
-2
Let z(c) = -2*c**2 - 13*c - 19. What is z(-5)?
-4
Let y(p) = p**3 + 6*p**2 - 12*p - 21. Give y(-6).
51
Let u(g) = g + 6. What is u(-7)?
-1
Let r(p) = p**3 + 12*p**2 - 30*p - 8. Give r(-14).
20
Let v(p) = 13*p - 92. Calculate v(8).
12
Let c(b) = b**2 - 4*b - 5. Determine c(4).
-5
Let u(v) = -v**2 + v + 8. Give u(0).
8
Let w(b) = -2*b - 18. What is w(-6)?
-6
Let g(r) = r**3 - r**2 - 2*r - 1. Determine g(0).
-1
Let k(j) = -j**3 + 5*j**2 + j - 1. Calculate k(5).
4
Let l(u) = -7*u - 23. Give l(-13).
68
Let m(i) = -i**3 + 4*i**2 + 4*i - 11. Determine m(5).
-16
Let y(q) = -50*q - 677. Give y(-14).
23
Let z(f) = -f**3 - 5*f**2 + 3*f - 4. What is z(-6)?
14
Let i(z) = -z**3 + 36*z**2 + 37*z + 20. Determine i(37).
20
Let b(f) = -f - 27. Determine b(0).
-27
Let y(n) = 13*n**2 + 2*n + 2. Calculate y(-2).
50
Let g(f) = -3*f**3 - f**2 - 4*f - 3. Calculate g(-2).
25
Let f(y) = y**3 - 8*y**2 + 9*y - 9. What is f(7)?
5
Let z(s) = -300*s - 1809. Determine z(-6).
-9
Let o(j) = -j**3 - 19*j**2 - 18*j + 18. Determine o(-18).
18
Let s(f) = -f**3 - f - 109. Determine s(0).
-109
Let n(i) = 10*i - 29. Give n(7).
41
Let n(z) = 8*z**2 - 5*z - 3. Calculate n(4).
105
Let j(q) = -6*q + 165. Give j(27).
3
Let f(t) = -2*t**3 + 4*t**2 - 6*t + 7. Calculate f(3).
-29
Let u(t) = t**3 - 3*t**2 + 5*t - 3. Calculate u(3).
12
Let x(s) = -s**2 - 9*s - 1. Give x(-11).
-23
Let p(w) = 12*w + 4. Calculate p(-1).
-8
Let l(z) = 103*z - 423. What is l(4)?
-11
Let p(v) = -7*v**3 - 6*v**2 - 2*v + 3. Determine p(-1).
6
Let o(n) = -2*n - 2. Calculate o(3).
-8
Let p(y) = -y**3 - 9*y**2 + 12*y + 14. Calculate p(-10).
-6
Let j(d) = -2*d**2 + 14*d + 9. What is j(-5)?
-111
Let k(c) = 261*c - 518. Determine k(2).
4
Let r(f) = 3*f + 10. Determine r(-10).
-20
Let p(f) = -f**2 - 4*f - 3. What is p(-4)?
-3
Let b(x) = x**3 - 17*x**2 - x + 8. What is b(17)?
-9
Let r(y) = -y**2 + 3*y + 4. Give r(6).
-14
Let t(u) = -2*u - 66. Calculate t(0).
-66
Let t(k) = -6*k**3 - 2*k**2 - 6*k - 3. What is t(-1)?
7
Let f(l) = -3*l**2 + 6*l - 4. Determine f(-4).
-76
Let m(i) = -i**2 + 7*i - 5. Calculate m(1).
1
Let y(x) = -x**2 - 3*x - 1. Determine y(-2).
1
Let y(q) = -q**3 + 5*q**2 - 5*q - 1. Give y(4).
-5
Let b(v) = v**2 + 7*v + 33. Give b(-5).
23
Let b(h) = h**3 - h**2 + 2*h + 5. Determine b(0).
5
Let t(j) = -j**3 - 7*j**2 - 3*j + 22. What is t(-5)?
-13
Let i(j) = 35*j + 102. Determine i(-3).
-3
Let a(g) = 12*g - 37. Calculate a(4).
11
Let s(a) = a**2 + 4*a - 14. Calculate s(-8).
18
Let c(j) = j**2 - 12*j + 7. What is c(9)?
-20
Let g(x) = x**3 - 21*x**2 - 20*x - 53. Give g(22).
-9
Let b(o) = -5*o - 18. Determine b(2).
-28
Let y(c) = c**2 + 34*c + 127. Give y(-4).
7
Let x(h) = h. Calculate x(-3).
-3
Let h(a) = -a**2 - 10*a - 7. Determine h(-8).
9
Let g(y) = y**3 - 6*y**2 + 3. What is g(5)?
-22
Let a(l) = -l**3 + 32*l**2 - 59*l - 25. Determine a(30).
5
Let r(a) = -a**2 + 15*a + 61. Determine r(18).
7
Let k(s) = 7*s**3 + 2*s**2 + s. Determine k(-1).
-6
Let o(d) = d + 17. Determine o(6).
23
Let u(n) = 2*n - 7. What is u(-6)?
-19
Let k(h) = 2*h**3 - 8*h**2 + 10*h - 6. What is k(4)?
34
Let y(r) = -r**2 - 3*r + 3. Give y(-6).
-15
Let o(m) = m**3 + 5*m**2 - 23*m - 6. Calculate o(3).
-3
Let h(p) = p**3 - 6*p**2 - 4*p + 16. Calculate h(7).
37
Let r(y) = y**3 - y**2 - 31. Determine r(0).
-31
Let n(b) = 3*b**2 - 3. Determine n(5).
72
Let s(d) = 2*d + 26. Calculate s(-13).
0
Let q(b) = -b + 43. What is q(18)?
25
Let u(z) = z**3 - 7*z**2 + 9*z - 12. Calculate u(6).
6
Let q(r) = 7*r - 105. Calculate q(16).
7
Let r(g) = -9*g + 62. Calculate r(7).
-1
Let w(x) = x - 41. Calculate w(0).
-41
Let r(u) = u**3 - 3*u**2 - 26*u - 10. What is r(7)?
4
Let z(f) = 72*f**3 + 2*f**2 - 4*f + 2. What is z(1)?
72
Let t(a) = a**3 - 15*a**2 + 3. Give t(15).
3
Let u(j) = j**3 + 21*j**2 - 46*j + 7. Determine u(-23).
7
Let z(f) = -f**3 + 14*f**2 - 25*f + 18. Determine z(12).
6
Let z(k) = 10*k - 7. Calculate z(-6).
-67
Let r(f) = -22*f - 169. Determine r(-8).
7
Let p(r) = 8*r - 275. Give p(34).
-3
Let m(j) = -4*j + 46. Determine m(5).
26
Let c(i) = i**2 - 12*i - 4. Determine c(6).
-40
Let t(f) = 2*f**2 - f - 25. What is t(6)?
41
Let l(q) = -q**2 - 9*q - 5. Give l(-6).
13
Let i(t) = -18*t + 474. What is i(27)?
-12
Let k(s) = 23*s + 242. Give k(-11).
-11
Let d(w) = -w**2 + 5*w + 4. Give d(5).
4
Let b(a) = 23*a. Determine b(-7).
-161
Let z(w) = 3*w**2 - 4*w + 1. What is z(0)?
1
Let o(h) = -h**2 - 19*h - 42. What is o(-17)?
-8
Let s(i) = 4*i - 63. Give s(13).
-11
Let p(f) = -4*f + 15. Determine p(5).
-5
Let l(o) = -o**2 - 12*o - 9. Determine l(-11).
2
Let z(f) = f**2 - 33*f + 120. What is z(4)?
4
Let u(c) = -c**3 + 3*c**2 - c - 4. Determine u(2).
-2
Let g(r) = 2*r + 31. Calculate g(-20).
-9
Let x(h) = -h**3 - 5*h**2 - 3*h - 12. Calculate x(-5).
3
Let q(a) = 38*a**2 - 2. Calculate q(1).
36
Let l(v) = v**3 + 4*v**2 + 5*v. Calculate l(-3).
-6
Let g(k) = -k**2 + 6*k - 12. Calculate g(6).
-12
Let j(i) = i + 4. What is j(-14)?
-10
Let l(v) = 35*v**2 + 27*v + 28. Give l(-1).
36
Let l(q) = -q**3 - 4*q**2 + 7*q + 15. Give l(-5).
5
Let h(j) = -4*j - 10. Determine h(-6).
14
Let d(a) = 17*a**2 - 4*a + 2. What is d(2)?
62
Let x(c) = -50*c + 156. Give x(3).
6
Let w(v) = -v**3 + 6*v**2 + 3*v + 27. Calculate w(7).
-1
Let a(u) = u**2 - 2*u + 5. Give a(-4).
29
Let b(v) = 26*v + 1. Determine b(1).
27
Let l(m) = m**3 + 9*m**2 + m + 7. Give l(-9).
-2
Let n(f) = 3*f + 4. Determine n(7).
25
Let o(y) = -y**2 - 17*y - 51. What is o(-13)?
1
Let w(u) = u**2 - 9*u + 12. What is w(8)?
4
Let c(q) = q**3 + 5*q**2 - 2*q - 22. Calculate c(-5).
-12
Let p(g) = -2*g + 61. Give p(34).
-7
Let k(y) = -2*y + 9. Calculate k(-15).
39
Let b(i) = i**2 + 13*i + 15. What is b(-13)?
15
Let h(f) = f - 1. What is h(5)?
4
Let r(y) = -9*y + 2. What is r(2)?
-16
Let d(h) = -55*h + 1. Calculate d(-1).
56
Let k(c) = -c**3 - 21*c**2 - 22*c - 41. Determine k(-20).
-1
Let s(j) = 3*j**2 - 23*j + 33. Calculate s(6).
3
Let q(h) = 2*h**3 + 2*h**2 + 11. What is q(0)?
11
Let b(l) = 5*l**2. Give b(1).
5
Let z(w) = w**3 + 2*w**2 - 14*w. Calculate z(-5).
-5
Let l(d) = -d**3 + 4*d**2 + 15*d - 6. What is l(6)?
12
Let t(a) = -a**2 + a - 7. Give t(-5).
-37
Let s(g) = -g**3 - 10*g**2 - 12*g + 10. Give s(-9).
37
Let c(j) = -15*j + 2. Calculate c(6).
-88
Let j(d) = d**2 - 2*d - 12. Determine j(3).
-9
Let v(q) = -q**2 - 2*q - 31. What is v(0)?
-31
Let f(z) = -z**3 + 41*z**2 - 3*z + 130. What is f(41)?
7
Let k(h) = -h**2 - 17*h + 30. Calculate k(-19).
-8
Let q(v) = v - 7. Give q(7).
0
Let o(g) = 6*g + 43. Give o(-15).
-47
Let j(t) = 27*t - 67. What is j(6)?
95
Let q(m) = -43*m + 26. What is q(5)?
-189
Let w(g) = -4*g**3 + 4*g**2 + g - 2. Calculate w(3).
-71
Let x(d) = 12*d + 33. Determine x(-3).
-3
Let m(b) = -2*b**2 + 46*b - 7. What is m(23)?
-7
Let i(c) = c**3 + 7*c**2 + 4*c - 5. Give i(-4).
27
Let w(p) = -5*p**2 - 120*p - 2. Calculate w(-24).
-2
Let j(l) = 2*l**3 - 90*l**2 + 20. Calculate j(45).
20
Let z(s) = -9*s - 12. Determine z(-2).
6
Let u(k) = 3*k. Determine u(-5).
-15